{"id":61,"date":"2021-01-20T21:49:29","date_gmt":"2021-01-20T19:49:29","guid":{"rendered":"http:\/\/petraresch.de\/?page_id=61"},"modified":"2021-02-24T18:58:02","modified_gmt":"2021-02-24T16:58:02","slug":"moosgruen-daemmerts-im-stein","status":"publish","type":"page","link":"https:\/\/petraresch.de\/?page_id=61","title":{"rendered":"moosgr\u00fcn d\u00e4mmerts im stein"},"content":{"rendered":"\n<figure class=\"wp-block-image size-medium is-resized\"><a href=\"http:\/\/petraresch.de\/wp-f9866-content\/uploads\/2021\/02\/P1080454_PetraResch_Lyrikband_moosgruen-daemmerts-im-stein.jpg\"><img decoding=\"async\" loading=\"lazy\" src=\"http:\/\/petraresch.de\/wp-f9866-content\/uploads\/2021\/02\/P1080454_PetraResch_Lyrikband_moosgruen-daemmerts-im-stein-183x300.jpg\" alt=\"\" class=\"wp-image-355\" width=\"183\" height=\"300\" srcset=\"https:\/\/petraresch.de\/wp-f9866-content\/uploads\/2021\/02\/P1080454_PetraResch_Lyrikband_moosgruen-daemmerts-im-stein-183x300.jpg 183w, https:\/\/petraresch.de\/wp-f9866-content\/uploads\/2021\/02\/P1080454_PetraResch_Lyrikband_moosgruen-daemmerts-im-stein-625x1024.jpg 625w, https:\/\/petraresch.de\/wp-f9866-content\/uploads\/2021\/02\/P1080454_PetraResch_Lyrikband_moosgruen-daemmerts-im-stein-768x1258.jpg 768w, https:\/\/petraresch.de\/wp-f9866-content\/uploads\/2021\/02\/P1080454_PetraResch_Lyrikband_moosgruen-daemmerts-im-stein.jpg 850w\" sizes=\"(max-width: 183px) 100vw, 183px\" \/><\/a><figcaption><br><\/figcaption><\/figure>\n\n\n\n<p><strong>Gedichte | 1996<\/strong><\/p>\n\n\n\n<p>_______________<\/p>\n\n\n\n<p>heute<br>gestern<br>morgen<\/p>\n\n\n\n<p>wird sein<br>war<br>ist<\/p>\n\n\n\n<p>dazwischen<\/p>\n\n\n\n<p>der hauch<br>der schein<br>das sein<\/p>\n\n\n\n<p>vergangen<br>verloren<br>vergessen<\/p>\n\n\n\n<p>wird sein<\/p>\n\n\n\n<p>_______________<\/p>\n\n\n\n<p>sich das haar ausraufen<br>im augiasstall<br>elende bande<br>verklebte worte<br>aus den alten ecken kratzend<br>misthaufen der alten und neuen<br>und wieder verderben der jungen<\/p>\n\n\n\n<p>_______________<\/p>\n\n\n\n<p>schafft ichs doch<br>mit erhobner hand <br>ein schweigen zu verteilen<br>rings zu verschlie\u00dfen<br>jeder schnellen rede flacher ton<br>endlich dem versagen und vergessen<br>ein ende zu bereiten<\/p>\n\n\n\n<p>_______________<\/p>\n\n\n\n<p>sabbernde speichelzeichen<br>bockpeinlicher art<br>schlieren durchs land<\/p>\n\n\n\n<p>tapfern sich raus<br>und<br>geilen nach gold<br>hol die flagge herein<br>schlie\u00df doch das tor<\/p>\n\n\n\n<p>asche und schnee sollen sein<\/p>\n\n\n\n<p>_______________<\/p>\n\n\n\n<p>im abendlichen schatten<br>heilt die stille das gr\u00fcn<br>zeichenvoll sch\u00f6n<br>tr\u00e4umt sich das moos ein lied<br>am morgen der klatschmohn badet im licht<br>die brennende seele eilt \u00fcbers land<br>durch felder ein raunen ergeht<\/p>\n\n\n\n<p>_______________<\/p>\n\n\n\n<p>wenn die k\u00f6nigskerzen sich wiegen im wind<br>bricht das trockne geh\u00f6lz<br>raubtierk\u00f6pfe lauschen hinter dem meer<br>und haben das rei\u00dfen vers\u00e4umt<\/p>\n\n\n\n<p>_______________<\/p>\n\n\n\n<p>zinnoberne perlen blinzeln am grund<br>und weisen der m\u00f6we den weg<br>tau f\u00e4llt von den sternen<br>ein segel das mondlicht erheischt<br>fern summt es den salzigen ton<br>und regen tr\u00e4gt ein gest\u00f6hn<br>an den anderen ort<\/p>\n\n\n\n<p>_______________<\/p>\n","protected":false},"excerpt":{"rendered":"<p>Gedichte | 1996 _______________ heutegesternmorgen wird seinwarist dazwischen der hauchder scheindas sein vergangenverlorenvergessen wird sein _______________ sich das haar ausraufenim augiasstallelende bandeverklebte worteaus den alten ecken kratzendmisthaufen der alten und neuenund wieder verderben der jungen _______________ schafft ichs dochmit erhobner hand ein schweigen zu verteilenrings zu verschlie\u00dfenjeder schnellen rede flacher tonendlich dem versagen und vergessenein &hellip; <a href=\"https:\/\/petraresch.de\/?page_id=61\" class=\"more-link\"><span class=\"screen-reader-text\">moosgr\u00fcn d\u00e4mmerts im stein<\/span> weiterlesen <span class=\"meta-nav\">&rarr;<\/span><\/a><\/p>\n","protected":false},"author":1,"featured_media":0,"parent":0,"menu_order":0,"comment_status":"closed","ping_status":"closed","template":"","meta":{"footnotes":""},"_links":{"self":[{"href":"https:\/\/petraresch.de\/index.php?rest_route=\/wp\/v2\/pages\/61"}],"collection":[{"href":"https:\/\/petraresch.de\/index.php?rest_route=\/wp\/v2\/pages"}],"about":[{"href":"https:\/\/petraresch.de\/index.php?rest_route=\/wp\/v2\/types\/page"}],"author":[{"embeddable":true,"href":"https:\/\/petraresch.de\/index.php?rest_route=\/wp\/v2\/users\/1"}],"replies":[{"embeddable":true,"href":"https:\/\/petraresch.de\/index.php?rest_route=%2Fwp%2Fv2%2Fcomments&post=61"}],"version-history":[{"count":24,"href":"https:\/\/petraresch.de\/index.php?rest_route=\/wp\/v2\/pages\/61\/revisions"}],"predecessor-version":[{"id":594,"href":"https:\/\/petraresch.de\/index.php?rest_route=\/wp\/v2\/pages\/61\/revisions\/594"}],"wp:attachment":[{"href":"https:\/\/petraresch.de\/index.php?rest_route=%2Fwp%2Fv2%2Fmedia&parent=61"}],"curies":[{"name":"wp","href":"https:\/\/api.w.org\/{rel}","templated":true}]}}