{"id":231,"date":"2021-01-27T15:02:42","date_gmt":"2021-01-27T13:02:42","guid":{"rendered":"http:\/\/petraresch.de\/?page_id=231"},"modified":"2022-01-31T14:58:59","modified_gmt":"2022-01-31T12:58:59","slug":"rezensionen_","status":"publish","type":"page","link":"https:\/\/petraresch.de\/?page_id=231","title":{"rendered":"Rezensionen"},"content":{"rendered":"\n<p><a href=\"http:\/\/petraresch.de\/?page_id=77\">Axel Sch\u00f6ne zur Ausstellung -eros ion- | 1994<\/a><\/p>\n\n\n\n<p><a href=\"http:\/\/petraresch.de\/?page_id=79\">Heinz Wei\u00dfflog zur Ausstellung -\u00f6rtlich schauer- (Ausz\u00fcge) | 2005<\/a><\/p>\n\n\n\n<p><a href=\"http:\/\/petraresch.de\/?page_id=82\u200e(\u00f6ffnet in neuem Tab)\">Heinz Wei\u00dfflog zur Ausstellung -am anderen ort- | 2011<\/a><\/p>\n\n\n\n<p><a href=\"http:\/\/petraresch.de\/?page_id=86\">Heinz Wei\u00dfflog zur Ausstellung -bilder umh\u00fcllen die zeit- | 2016<\/a><\/p>\n\n\n\n<p><a href=\"http:\/\/petraresch.de\/?page_id=756\">Gwendolin Kremer zur Ausstellung -\u00fcber die ufer- | 2022<\/a><\/p>\n\n\n\n<p><a href=\"http:\/\/petraresch.de\/?page_id=749\">Heinz Wei\u00dfflog zur Ausstellung -\u00fcber die ufer- | 2022<\/a><\/p>\n","protected":false},"excerpt":{"rendered":"<p>Axel Sch\u00f6ne zur Ausstellung -eros ion- | 1994 Heinz Wei\u00dfflog zur Ausstellung -\u00f6rtlich schauer- (Ausz\u00fcge) | 2005 Heinz Wei\u00dfflog zur Ausstellung -am anderen ort- | 2011 Heinz Wei\u00dfflog zur Ausstellung -bilder umh\u00fcllen die zeit- | 2016 Gwendolin Kremer zur Ausstellung -\u00fcber die ufer- | 2022 Heinz Wei\u00dfflog zur Ausstellung -\u00fcber die ufer- | 2022<\/p>\n","protected":false},"author":1,"featured_media":0,"parent":0,"menu_order":0,"comment_status":"closed","ping_status":"closed","template":"","meta":{"footnotes":""},"_links":{"self":[{"href":"https:\/\/petraresch.de\/index.php?rest_route=\/wp\/v2\/pages\/231"}],"collection":[{"href":"https:\/\/petraresch.de\/index.php?rest_route=\/wp\/v2\/pages"}],"about":[{"href":"https:\/\/petraresch.de\/index.php?rest_route=\/wp\/v2\/types\/page"}],"author":[{"embeddable":true,"href":"https:\/\/petraresch.de\/index.php?rest_route=\/wp\/v2\/users\/1"}],"replies":[{"embeddable":true,"href":"https:\/\/petraresch.de\/index.php?rest_route=%2Fwp%2Fv2%2Fcomments&post=231"}],"version-history":[{"count":12,"href":"https:\/\/petraresch.de\/index.php?rest_route=\/wp\/v2\/pages\/231\/revisions"}],"predecessor-version":[{"id":769,"href":"https:\/\/petraresch.de\/index.php?rest_route=\/wp\/v2\/pages\/231\/revisions\/769"}],"wp:attachment":[{"href":"https:\/\/petraresch.de\/index.php?rest_route=%2Fwp%2Fv2%2Fmedia&parent=231"}],"curies":[{"name":"wp","href":"https:\/\/api.w.org\/{rel}","templated":true}]}}